{"id":78,"date":"2014-03-22T19:21:39","date_gmt":"2014-03-22T18:21:39","guid":{"rendered":"http:\/\/www.fanclub-sorrento-eppelborn.de\/?page_id=78"},"modified":"2023-09-07T06:24:17","modified_gmt":"2023-09-07T04:24:17","slug":"historie","status":"publish","type":"page","link":"http:\/\/www.fanclub-sorrento-eppelborn.de\/?page_id=78","title":{"rendered":"Historie"},"content":{"rendered":"<p><b>Unsere Geschichte&#8230;.<\/b><\/p>\n<p><span style=\"text-decoration: underline;\">1. Gr\u00fcndung:<\/span><\/p>\n<p>Der FCS Fanclub \u201eSorrento\u201c Eppelborn wurde im Juli 2000 in der gleichnamigen Pilsstube gegr\u00fcndet. Anwesend waren 13 wackere FC\u00b4ler, die fast ausschlie\u00dflich schon jahrelang den Blau-Schwarzen zur Seite stehen, und nun einen Anlaufpunkt f\u00fcr weitere FCS-Fans schaffen wollten.<\/p>\n<p><span style=\"text-decoration: underline;\">2. Ziele des Vereins:<\/span><\/p>\n<p>Ziel des Fan-Clubs ist es, m\u00f6glichst die Kr\u00e4fte im Illtal zu b\u00fcndeln und es zu erm\u00f6glichen, auf Privat-PKW\u00b4s zu verzichten, und so viele Heim- bzw. Ausw\u00e4rtsfahrten wie m\u00f6glich anzubieten. Auch sollten viele Neu-Mitglieder und Jugendliche geworben werden, um vor allem auch den jungen Fans einen preiswerten Zugang zu unserem 1. FC Saarbr\u00fccken zu gew\u00e4hrleisten.<\/p>\n<p><span style=\"text-decoration: underline;\">3. Weiterer Verlauf:<\/span><\/p>\n<p>Unser Fan-Club erreichte es durch Mundpropaganda, Flugbl\u00e4tter usw. sehr schnell die Mitgliederzahl von 13 auf 53 zu erh\u00f6hen, wobei die Aufstiegs- und Topm\u00f6ller-Euphorie sehr hilfreich waren. Somit avancierten wir in k\u00fcrzester Zeit aus dem Nichts zu einem der gr\u00f6\u00dften Fan-Clubs des 1.FCS. Auch schlossen sich dem Club viele G\u00f6nner an, die mit dem aktiven Geschehen des FCS und des Clubs eigentlich nicht zu tun hatten. Somit war der finanzielle Rahmen gesichert, so dass wir zu einem g\u00fcnstigen Preis Ausw\u00e4rtsfahrten anbieten konnten und uns dazu entschlossen haben, auch die Heimspiele mit einem Bus zu besuchen. Die Einf\u00fchrung des Heimbusses war ein voller Erfolg und mit 15-20 Personen ging es regelm\u00e4\u00dfig gen Ludwigspark.<\/p>\n<p>Fast ebenso rasant wie es anfangs bergauf ging, mussten wir in den letzten Jahren unsere ersten Krisen durchleben. Der FCS spielte mehr schlecht als recht, die Fahrten waren mehr Trauer als Freudenreisen und somit ging auch die Stimmung im Fan-Club in den Keller. Der Heimbus fiel des \u00f6fteren ins Wasser und zu den Ausw\u00e4rtsspielen konnten h\u00f6chstens noch 9er-Busse gechartert werden. In dieser Zeit merkten wir doch sehr, wie abh\u00e4ngig ein Fan-Club doch vom Erfolg bzw. Misserfolg der Mannschaft ist. Doch die wahnsinnigen und unzerst\u00f6rbaren Alt-FC\u00b4ler wirft Gott sei Dank so leicht nichts um. Mittlerweile hat sich die Mitgliederzahl bei 80 eingependelt.<\/p>\n<p><span style=\"text-decoration: underline;\">4. Aktivit\u00e4ten:<\/span><\/p>\n<p>Wie schon erw\u00e4hnt setzen wir zu jedem Heimspiel einen Bus ein. Bei entsprechender Anmeldezahl wird auch zu den Ausw\u00e4rtsspielen zumindest ein Kleinbus zur Verf\u00fcgung gestellt. Ebenso findet j\u00e4hrlich ein Dartturnier, sowie selbstverst\u00e4ndlich eine Weihnachts- bzw. Jahresabsch(l)ussfeier statt. Infos \u00fcber den Fan-Club sowie Berichte \u00fcber den 1.FCS ver\u00f6ffentlichen wir w\u00f6chentlich im Gemeindeblatt.<\/p>\n<p>.<\/p>\n","protected":false},"excerpt":{"rendered":"<p>Unsere Geschichte&#8230;. 1. Gr\u00fcndung: Der FCS Fanclub \u201eSorrento\u201c Eppelborn wurde im Juli 2000 in der gleichnamigen Pilsstube gegr\u00fcndet. Anwesend waren 13 wackere FC\u00b4ler, die fast ausschlie\u00dflich schon jahrelang den Blau-Schwarzen zur Seite stehen, und nun einen Anlaufpunkt f\u00fcr weitere FCS-Fans schaffen wollten. 2. Ziele des Vereins: Ziel des Fan-Clubs ist es, m\u00f6glichst die Kr\u00e4fte im [&hellip;]<\/p>\n","protected":false},"author":1,"featured_media":0,"parent":0,"menu_order":0,"comment_status":"closed","ping_status":"open","template":"","meta":[],"_links":{"self":[{"href":"http:\/\/www.fanclub-sorrento-eppelborn.de\/index.php?rest_route=\/wp\/v2\/pages\/78"}],"collection":[{"href":"http:\/\/www.fanclub-sorrento-eppelborn.de\/index.php?rest_route=\/wp\/v2\/pages"}],"about":[{"href":"http:\/\/www.fanclub-sorrento-eppelborn.de\/index.php?rest_route=\/wp\/v2\/types\/page"}],"author":[{"embeddable":true,"href":"http:\/\/www.fanclub-sorrento-eppelborn.de\/index.php?rest_route=\/wp\/v2\/users\/1"}],"replies":[{"embeddable":true,"href":"http:\/\/www.fanclub-sorrento-eppelborn.de\/index.php?rest_route=%2Fwp%2Fv2%2Fcomments&post=78"}],"version-history":[{"count":4,"href":"http:\/\/www.fanclub-sorrento-eppelborn.de\/index.php?rest_route=\/wp\/v2\/pages\/78\/revisions"}],"predecessor-version":[{"id":3608,"href":"http:\/\/www.fanclub-sorrento-eppelborn.de\/index.php?rest_route=\/wp\/v2\/pages\/78\/revisions\/3608"}],"wp:attachment":[{"href":"http:\/\/www.fanclub-sorrento-eppelborn.de\/index.php?rest_route=%2Fwp%2Fv2%2Fmedia&parent=78"}],"curies":[{"name":"wp","href":"https:\/\/api.w.org\/{rel}","templated":true}]}}